66120.
2, 5, 59, 367
What are the prime factors of 4736998?
2, 7, 79, 4283
List the prime factors of 358891.
13, 19, 1453
List the prime factors of 799129.
619, 1291
What are the prime factors of 1405055?
5, 151, 1861
What are the prime factors of 139249?
11, 12659
List the prime factors of 103868.
2, 23, 1129
What are the prime factors of 2193155?
5, 438631
List the prime factors of 24579739.
17, 5003
What are the prime factors of 105811?
19, 5569
What are the prime factors of 329823?
3, 13, 2819
List the prime factors of 1140195.
3, 5, 7, 10859
What are the prime factors of 6805838?
2, 13, 19, 23, 599
What are the prime factors of 247754?
2, 13, 733
What are the prime factors of 4750816?
2, 7, 127, 167
List the prime factors of 17488392.
2, 3, 29, 25127
What are the prime factors of 3649593?
3, 83, 14657
What are the prime factors of 520157?
11, 47287
List the prime factors of 3796715.
5, 13, 58411
What are the prime factors of 288070?
2, 5, 28807
List the prime factors of 13861031.
163, 85037
What are the prime factors of 6649?
61, 109
What are the prime factors of 797078?
2, 398539
List the prime factors of 130806.
2, 3, 13, 43
What are the prime factors of 385730?
2, 5, 17, 2269
List the prime factors of 5349144.
2, 3, 107, 2083
What are the prime factors of 631813?
7, 13, 53, 131
What are the prime factors of 496329?
3, 165443
What are the prime factors of 103520?
2, 5, 647
What are the prime factors of 2399575?
5, 53, 1811
What are the prime factors of 13414329?
3, 18401
What are the prime factors of 2320219?
11, 210929
List the prime factors of 220921.
173, 1277
What are the prime factors of 9190053?
3, 19, 223, 241
What are the prime factors of 2089881?
3, 25801
List the prime factors of 16184843.
373, 43391
List the prime factors of 344438.
2, 172219
List the prime factors of 2907673.
499, 5827
What are the prime factors of 2729804?
2, 7, 11, 8863
What are the prime factors of 6365095?
5, 11, 19, 6091
What are the prime factors of 800154?
2, 3, 44453
What are the prime factors of 110872?
2, 13859
What are the prime factors of 437009?
43, 10163
List the prime factors of 572695.
5, 47, 2437
What are the prime factors of 3805606?
2, 7, 271829
What are the prime factors of 71721?
3, 13, 613
List the prime factors of 336073.
17, 53, 373
List the prime factors of 35023740.
2, 3, 5, 17, 34337
List the prime factors of 8486972.
2, 13, 163211
What are the prime factors of 928112?
2, 19, 43, 71
What are the prime factors of 1008037?
1008037
What are the prime factors of 5227058?
2, 17, 47, 3271
List the prime factors of 300777.
3, 107, 937
List the prime factors of 737087.
13, 31, 59
What are the prime factors of 528287?
23, 103, 223
What are the prime factors of 463785?
3, 5, 7, 631
List the prime factors of 1289662.
2, 11, 31, 61
What are the prime factors of 8343678?
2, 3, 7, 198659
What are the prime factors of 5028253?
569, 8837
What are the prime factors of 971738?
2, 563, 863
What are the prime factors of 86802?
2, 3, 17, 23, 37
What are the prime factors of 10305136?
2, 67, 9613
List the prime factors of 27888.
2, 3, 7, 83
List the prime factors of 3060795.
3, 5, 419, 487
What are the prime factors of 2118935?
5, 7, 13, 4657
What are the prime factors of 28452090?
2, 3, 5, 948403
What are the prime factors of 11523254?
2, 787, 7321
List the prime factors of 6816553.
491, 13883
What are the prime factors of 1305062?
2, 11, 137, 433
What are the prime factors of 188368?
2, 61, 193
What are the prime factors of 488305?
5, 61, 1601
List the prime factors of 12339692.
2, 1481, 2083
List the prime factors of 386549.
386549
List the prime factors of 454859.
454859
List the prime factors of 4357841.
431, 10111
What are the prime factors of 740983?
97, 7639
List the prime factors of 30820049.
13, 101, 23473
List the prime factors of 372374.
2, 186187
What are the prime factors of 2269781?
641, 3541
List the prime factors of 3776726.
2, 127, 14869
What are the prime factors of 4234329?
3, 11, 53, 269
List the prime factors of 158441.
19, 31, 269
List the prime factors of 3329178.
2, 3, 17, 127, 257
List the prime factors of 802124.
2, 41, 67, 73
List the prime factors of 19923979.
31, 163, 3943
List the prime factors of 29796106.
2, 67, 229, 971
What are the prime factors of 557488?
2, 34843
What are the prime factors of 1148614?
2, 574307
List the prime factors of 26657218.
2, 7, 1904087
List the prime factors of 7957187.
7, 1136741
What are the prime factors of 2571294?
2, 3, 11, 38959
List the prime factors of 146241.
3, 16249
What are the prime factors of 221914?
2, 7, 11, 131
List the prime factors of 387544.
2, 193, 251
List the prime factors of 279899.
31, 9029
List the prime factors of 1073489.
257, 4177
What are the prime factors of 11750449?
11750449
List the prime factors of 241196.
2, 17, 3547
What are the prime factors of 4886461?
4886461
What are the prime factors of 3288729?
3, 19, 57697
What are the prime factors of 3006733?
3006733
What are the prime factors of 28734481?
41, 71, 9871
List the prime factors of 5404622.
2, 53, 67, 761
What are the prime factors of 1784260?
2, 5, 89213
What are the prime factors of 5272700?
2, 5, 52727
List the prime factors of 398217.
3, 132739
What are the prime factors of 14399629?
17, 847037
What are the prime factors of 173823?
3, 13, 4457
What are the prime factors of 28314812?
2, 43, 164621
What are the prime factors of 4333950?
2, 3, 5, 9631
What are the prime factors of 59764?
2, 67, 223
What are the prime factors of 340226?
2, 67, 2539
List the prime factors of 18109298.
2, 9054649
What are the prime factors of 4844947?
4844947
What are the prime factors of 4014615?
3, 5, 11, 29, 839
What are the prime factors of 1242732?
2, 3, 103561
List the prime factors of 114014.
2, 109, 523
What are the prime factors of 7521431?
43, 174917
What are the prime factors of 14628693?
3, 4876231
List the prime factors of 4263058.
2, 29, 31, 2371
What are the prime factors of 362940?
2, 3, 5, 23, 263
What are the prime factors of 28927243?
83, 97, 3593
List the prime factors of 1105993.
7, 157999
What are the prime factors of 31083176?
2, 67, 57991
List the prime factors of 32757160.
2, 5, 197, 4157
List the prime factors of 16252671.
3, 59, 91823
List the prime factors of 20214251.
1231, 16421
What are the prime factors of 10307558?
2, 5153779
List the prime factors of 2964808.
2, 7, 11, 4813
List the prime factors of 542333.
11, 47, 1049
List the prime factors of 8243246.
2, 11, 23, 1481
What are the prime factors of 1670614?
2, 11, 75937
List the prime factors of 8907104.
2, 278347
What are the prime factors of 53538?
2, 3, 8923
List the prime factors of 10341717.
3, 41, 83, 1013
List the prime factors of 1542291.
3, 17, 30241
List the prime factors of 1246399.
7, 11, 16187
List the prime factors of 234542.
2, 7, 11, 1523
List the prime factors of 2633363.
43, 47, 1303
List the prime factors of 3434750.
2, 5, 11, 1249
List the prime factors of 810216.
2, 3, 11, 31
List the prime factors of 3626002.
2, 1813001
What are the prime factors of 298959?
3, 227, 439
List the prime factors of 4957144.
2, 23, 29, 929
List the prime factors of 16490980.
2, 5, 11, 74959
List the prime factors of 143342.
2, 71671
List the prime factors of 44.
2, 11
What are the prime factors of 456038?
2, 11, 19, 1091
What are the prime factors of 84165?
3, 5, 31, 181
List the prime factors of 34379.
31, 1109
What are the prime factors of 324991?
324991
What are the prime factors of 755824?
2, 97, 487
List the prime factors of 580972.
2, 7, 20749
What are the prime factors of 1292175?
3, 5, 5743
List the prime factors of 5510856.
2, 3, 13, 17, 1039
What are the prime factors of 4095458?
2, 2047729
What are the prime factors of 462307?
462307
List the prime factors of 281423.
281423
List the prime factors of 7356849.
3, 23, 106621
List the prime factors of 2624143.
59, 79, 563
List the prime factors of 2492573.
59, 83, 509
What are the prime factors of 11290235?
5, 11, 131, 1567
List the prime factors of 20447094.
2, 3, 457, 7457
What are the prime factors of 3771694?
2, 1885847
What are the prime factors of 317148?
2, 3, 13, 19, 107
List the prime factors of 3183242.
2, 1591621
List the prime factors of 339940.
2, 5, 23, 739
Li